128*f**2 - 2422*f - 766. Determine p(-105).
-31
Let r(l) = -37021*l - 999568. Give r(-27).
-1
Let s(c) = -c**3 - 149*c**2 - 1132*c - 553. Give s(-141).
11
Let z(c) = 23*c**2 - 4352*c - 7842. Calculate z(191).
-11
Let i(p) = 2*p**3 - 167*p**2 + 2995*p + 1513. Determine i(27).
1
Let p(d) = -442*d - 38158. Calculate p(-86).
-146
Let t(d) = -3*d**2 + 1217*d - 123423. What is t(204)?
-3
Let v(d) = -60454*d + 483620. Calculate v(8).
-12
Let q(t) = -549*t - 7705. Give q(-14).
-19
Let a(g) = -2*g**2 - 248*g + 21507. Give a(-183).
-87
Let i(l) = l**3 + 164*l**2 - 131*l - 47943. Calculate i(-163).
-21
Let b(m) = -43507*m - 43505. What is b(-1)?
2
Let l(j) = -j**3 + 6*j**2 + 2*j - 8. Give l(6).
4
Let c(x) = 63070*x - 63071. Determine c(1).
-1
Let w(k) = 9*k**3 + 101*k**2 - 105*k - 2076. Give w(-10).
74
Let k(h) = -7012*h - 41874. Give k(-6).
198
Let h(c) = -10*c**2 - 103*c - 105. Determine h(4).
-677
Let o(r) = -96786*r + 96753. What is o(1)?
-33
Let b(l) = -l**3 + 21*l**2 - 4*l - 63. Determine b(16).
1153
Let s(f) = -f**3 - 153*f**2 - 3782*f + 87. Calculate s(-31).
87
Let u(o) = 3*o**3 - 14*o**2 - 2119*o + 10576. What is u(5)?
6
Let x(w) = w**2 + 265*w + 12738. What is x(-127)?
-4788
Let n(v) = 2*v**3 + 54*v**2 - 5798*v - 134. What is n(-69)?
4
Let q(o) = -18*o**3 - 538*o**2 - 20*o - 2380. Give q(-30).
20
Let c(b) = -2*b**3 + 377*b**2 - 104*b - 13408. Calculate c(188).
2384
Let f(j) = -j**3 + 10*j**2 + 1000*j - 9983. Determine f(10).
17
Let m(j) = -25*j - 771. Give m(-6).
-621
Let p(w) = 114*w**3 + 123*w**2 - 10*w - 6. Determine p(-2).
-406
Let n(d) = d**3 - 25*d**2 - 16*d + 924. What is n(22)?
-880
Let v(z) = -6*z**3 - 69*z**2 - 276*z - 69. Give v(-4).
315
Let o(t) = t**3 - 36*t**2 + 231*t - 105. What is o(28)?
91
Let t(z) = -284*z - 102961. Give t(-365).
699
Let o(c) = 2*c**3 + 6*c**2 + 189*c + 725. What is o(-4)?
-63
Let x(m) = m**3 + 117*m**2 + 347*m + 600. Determine x(-114).
30
Let j(m) = -17406*m - 5535116. Calculate j(-318).
-8
Let k(h) = -86*h + 12024. Determine k(140).
-16
Let m(f) = 856*f**3 + 8*f**2 + 7*f + 7. Calculate m(-1).
-848
Let j(t) = -29393*t - 382001. Calculate j(-13).
108
Let a(w) = 2089*w + 18905. Give a(-9).
104
Let w(i) = i**3 + 9*i**2 - 35*i - 264. Determine w(-12).
-276
Let g(b) = 8*b**2 + 2454*b - 28627. What is g(-318)?
-7
Let x(h) = -15*h**2 - 54*h + 154. Calculate x(3).
-143
Let l(m) = 1575*m - 66064. Calculate l(42).
86
Let h(p) = -p**2 - 141*p - 3419. What is h(-100)?
681
Let i(y) = 226*y + 4604. Calculate i(-16).
988
Let m(s) = 733*s + 42299. What is m(-57)?
518
Let s(p) = -123*p**2 - 510*p - 511. Give s(-1).
-124
Let s(u) = 724*u - 48907. Give s(68).
325
Let h(w) = -165*w**2 + 376*w - 359. Determine h(5).
-2604
Let r(o) = 404082*o - 27881658. Determine r(69).
0
Let x(b) = 132*b**2 - 46861*b - 46861. What is x(-1)?
132
Let l(g) = -2*g**3 - 452*g**2 + 880*g - 7710. Give l(-228).
-414
Let r(y) = 11*y**2 + 2399*y - 1128. Determine r(-219).
1062
Let a(r) = -16*r**3 - 169*r**2 + 75*r - 134. What is a(-11)?
-112
Let c(q) = 10*q**2 + 430*q - 1884. Calculate c(-47).
-4
Let p(t) = -92783*t - 5659798. What is p(-61)?
-35
Let d(z) = 3*z**3 + 16*z**2 + 37*z + 27. Determine d(-4).
-57
Let m(u) = -u**2 + 116*u + 575. Calculate m(142).
-3117
Let z(k) = -215*k**2 + 978*k - 463. Give z(4).
9
Let t(p) = -20209*p + 20218. Give t(1).
9
Let b(s) = 958*s + 478082. Calculate b(-499).
40
Let f(g) = 426*g**2 - 2523*g + 5047. What is f(2)?
1705
Let o(w) = -7384*w - 4629806. Give o(-627).
-38
Let p(i) = 1152*i + 20129. What is p(-14)?
4001
Let q(n) = 220038*n + 6601151. Determine q(-30).
11
Let t(v) = 6*v**2 + 2852*v + 9433. What is t(-472)?
-7
Let i(y) = -y**3 - 45*y**2 - 541*y - 36. Calculate i(-11).
1801
Let z(x) = -x**3 + 48*x**2 - 7*x + 403. What is z(48)?
67
Let s(k) = 33182*k - 1061832. Give s(32).
-8
Let m(h) = -5522*h + 209858. What is m(38)?
22
Let n(g) = g**3 + 224*g**2 + 9734*g - 227. Give n(-165).
-62
Let i(x) = -1436*x + 25026. What is i(17)?
614
Let c(v) = -820*v**2 - 9831*v + 80. Give c(-12).
-28
Let p(g) = 233*g - 4603. What is p(19)?
-176
Let o(z) = 147*z**2 - 405*z - 143. Calculate o(3).
-35
Let c(q) = q**3 + 8*q**2 - 41*q + 867. Determine c(-15).
-93
Let d(o) = -o**2 - 356*o - 18019. What is d(-62)?
209
Let q(d) = -183*d**2 - 30*d - 3. Give q(-1).
-156
Let v(a) = 220*a + 44576. What is v(-202)?
136
Let d(c) = -c**3 - 59*c**2 + 295*c - 765. Calculate d(-64).
835
Let a(i) = -258*i**2 - 23758*i - 2027. Calculate a(-92).
-3
Let w(a) = 4243*a + 7861. What is w(-1)?
3618
Let f(w) = 578*w + 15591. What is f(-27)?
-15
Let c(a) = -22*a**2 + 7936*a - 483933. What is c(283)?
-3
Let j(o) = 10414*o - 345102. What is j(33)?
-1440
Let h(f) = -5563*f - 111242. Calculate h(-20).
18
Let a(m) = m**2 - 2310*m + 16113. Calculate a(7).
-8
Let v(f) = -14*f**2 + 633*f - 2547. What is v(5)?
268
Let g(c) = -958*c + 20780. Determine g(22).
-296
Let h(x) = 2045*x + 83686. What is h(-41)?
-159
Let i(f) = -13*f**2 - 1408*f + 8475. Determine i(6).
-441
Let l(q) = -q**2 + 496*q + 292526. Determine l(-347).
5
Let k(h) = -5*h**2 + 87*h - 68. Give k(20).
-328
Let v(t) = -590*t - 20658. Determine v(-35).
-8
Let s(j) = j**3 - 39*j**2 + 7*j - 681. Give s(40).
1199
Let p(i) = -6191*i - 3411048. Calculate p(-551).
193
Let d(t) = -615*t - 272. What is d(-2)?
958
Let o(q) = 8*q**3 + 223*q**2 + 5887*q + 165618. Give o(-28).
-2
Let i(g) = -110*g**2 + 810*g + 512. Determine i(8).
-48
Let t(a) = a**3 - 44*a**2 + 413*a - 30. Determine t(15).
-360
Let q(r) = -12051*r + 1361749. Calculate q(113).
-14
Let y(w) = 3*w**2 + 1414*w + 99328. Calculate y(-385).
-387
Let r(w) = -w**2 + 255*w + 774. Determine r(-3).
0
Let x(t) = t**3 - 80*t**2 - 54*t + 4326. What is x(80)?
6
Let i(d) = -4863*d + 141266. Give i(29).
239
Let j(b) = 9393*b - 507225. What is j(54)?
-3
Let y(l) = l**3 - 168*l**2 - 728*l + 684. What is y(-5)?
-1
Let k(a) = a**3 + 47*a**2 - 228*a - 1520. Calculate k(-51).
-296
Let q(a) = a**2 + 54411*a + 4726197. What is q(-87)?
9
Let s(i) = i**3 + 3*i**2 - 96*i + 45. What is s(0)?
45
Let m(t) = 385*t - 4631. Give m(14).
759
Let t(s) = -3292*s - 39487. What is t(-12)?
17
Let k(f) = -2*f**3 - 15*f**2 - 95*f - 1702. What is k(-13)?
1392
Let z(d) = 67691*d + 609233. Give z(-9).
14
Let c(o) = -4*o**3 - 406*o**2 + 238*o + 3478. Calculate c(-102).
10
Let z(l) = -l**3 - 2*l**2 + 31038*l + 62070. Determine z(-2).
-6
Let q(w) = 10*w**3 - 194*w**2 + 77*w + 1. What is q(19)?
20
Let p(t) = 8744*t + 1232648. Give p(-141).
-256
Let j(i) = 7*i**2 - 3619*i + 133568. What is j(477)?
8
Let f(a) = -6*a**3 - 425*a**2 + 49*a - 1550. Calculate f(-71).
12
Let b(y) = -106*y + 27772. Determine b(262).
0
Let t(w) = -5616*w + 410185. What is t(73)?
217
Let y(j) = 97*j**2 - 5974*j - 11948. Determine y(-2).
388
Let o(f) = -25026*f - 5956194. Give o(-238).
-6
Let f(n) = n**3 + 164*n**2 + 5155*n - 32217. What is f(-118)?
-3
Let j(z) = 9*z**3 - 65*z**2 - 30*z - 9. Determine j(7).
-317
Let o(v) = -1143*v - 7863. Calculate o(-4).
-3291
Let g(i) = 11450*i + 239253. Calculate g(-21).
-1197
Let g(v) = -50525*v - 3435702. What is g(-68)?
-2
Let k(i) = 3690*i - 73712. Determine k(20).
88
Let w(t) = -4*t**2 + 30*t - 98. Give w(23).
-1524
Let o(w) = 5075*w - 60893. Give o(12).
7
Let p(g) = 2*g**3 + 63*g**2 - 77*g - 1960. What is p(-32)?
-520
Let n(c) = -18*c**2 + 5889*c - 980. Determine n(327).
1
Let k(f) = -125*f**2 - 126868*f + 7124. Give k(-1015).
19
Let y(n) = -21*n**2 + 3*n + 3387. Calculate y(0).
3387
Let z(r) = 2*r**2 - 129*r + 1792. Determine z(24).
-152
Let a(d) = 747*d - 19440. Determine a(26).
-18
Let g(z) = -140*z**2 + 9955*z - 992. What is g(71)?
73
Let g(i) = -3*i**3 - 248*i**2 - 2658*i - 198. Calculate g(-70).
-338
Let l(d) = -6*d**3 + 147*d**2 + 28*d + 1184. Give l(25).
9
Let c(j) = -9756*j - 341548. Calculate c(-35).
-88
Let h(d) = -690*d + 19635. Calculate h(26).
1695
Let b(t) = 19*t**3 + 222*t**2 - 75*t - 69. Calculate b(-12).
-33
Let b(i) = 426985*i**2 - 1707940*i - 7. Calculate b(4).
-7
Let r(u) = -206895*u - 1862047. What is r(-9)?
8
Let d(n) = -3*n**2 + 659283*n - 5933311. Calculate d(9).
-7
Let n(o) = o**2 - 845*o + 159308. Calculate n(561).
-16
Let w(c) = 446*c + 27357. Calculate w(-61).
151
Let d(m) = -2*m**3 + 67*m**2 + 174*m + 243. What is d(36)?
27
Let z(v) = v**3 + 35*v**2 + 2471